{"id":9,"date":"2022-04-03T22:35:56","date_gmt":"2022-04-03T20:35:56","guid":{"rendered":"https:\/\/sites.delab.fr\/avignon-communale\/?page_id=9"},"modified":"2022-04-03T22:35:56","modified_gmt":"2022-04-03T20:35:56","slug":"le-projet","status":"publish","type":"page","link":"https:\/\/histoire-multimedia-web.univ-avignon.fr\/avignon-avant-les-papes\/le-projet\/","title":{"rendered":"Le projet"},"content":{"rendered":"<div class=\"wp-block-getwid-advanced-heading\"><span class=\"wp-block-getwid-advanced-heading__content\">En 2022, deux &eacute;tudiants de troisi&egrave;me ann&eacute;e de licence d&rsquo;Histoire (mention Cursus Master en Ing&eacute;nierie) se lancent dans la cr&eacute;ation d&rsquo;un site Internet sur Avignon avant les Papes.<\/span><\/div>\n\n\n\n<h2 class=\"wp-block-heading\"><strong>Pourquoi ce projet?<\/strong><\/h2>\n\n\n\n<p class=\"has-text-align-justify\">L&rsquo;origine de ce projet r&eacute;side dans la volont&eacute; de montrer qu&rsquo;Avignon est bien plus que la cit&eacute; des Papes ; que la ville et sa soci&eacute;t&eacute; &eacute;taient d&eacute;j&agrave; &eacute;tablies avant l&rsquo;installation de la papaut&eacute; en Avignon. Le but est de comprendre que la ville montre encore des traces de la p&eacute;riode pr&eacute;c&eacute;dant l&rsquo;arriv&eacute;e des Papes, soit de 1130 &agrave; 1348, sous le <a class=\"glossaryLink\"  aria-describedby=\"tt\"  data-cmtooltip=\"&lt;div class=glossaryItemTitle&gt;Consulat&lt;\/div&gt;&lt;div class=glossaryItemBody&gt;&lt;\/div&gt;\"  href=\"https:\/\/histoire-multimedia-web.univ-avignon.fr\/avignon-avant-les-papes\/glossary\/consulat\/\"  data-gt-translate-attributes='[{\"attribute\":\"data-cmtooltip\", \"format\":\"html\"}]'>Consulat<\/a> et la <a class=\"glossaryLink\"  aria-describedby=\"tt\"  data-cmtooltip=\"&lt;div class=glossaryItemTitle&gt;Commune&lt;\/div&gt;&lt;div class=glossaryItemBody&gt;&lt;\/div&gt;\"  href=\"https:\/\/histoire-multimedia-web.univ-avignon.fr\/avignon-avant-les-papes\/glossary\/commune\/\"  data-gt-translate-attributes='[{\"attribute\":\"data-cmtooltip\", \"format\":\"html\"}]'>Commune<\/a>.<br>Dans le cadre de notre formation nous devions r&eacute;aliser un site Internet. Nous avions d&eacute;j&agrave; r&eacute;alis&eacute; un court documentaire sur Avignon avant les Papes. Ainsi, nous avons choisi de reprendre les &eacute;l&eacute;ments du documentaire pour construire ce site. Le but est de montrer qu&rsquo;il est possible de se promener dans le c&oelig;ur de la ville et de trouver des traces de cet ancienne Avignon. Nous voulons donner de la visibilit&eacute; &agrave; ces quelques b&acirc;timents aujourd&rsquo;hui compl&egrave;tement occult&eacute;s par le Palais des Papes ou les <a class=\"glossaryLink\"  aria-describedby=\"tt\"  data-cmtooltip=\"&lt;div class=glossaryItemTitle&gt;Remparts&lt;\/div&gt;&lt;div class=glossaryItemBody&gt;&amp;lt;!-- wp:paragraph {&amp;quot;align&amp;quot;:&amp;quot;justify&amp;quot;} --&amp;gt;Les remparts constituent les murs de protection d&amp;#039;une ville ou d&amp;#039;une cit&eacute;. Chaque rempart est constitu&eacute; de plusieurs parties: des portes ou des tours et une courtine (portion entre deux tours ou une tour et une porte). L&amp;#039;ensemble des remparts constitue l&amp;#039;enceinte.&amp;lt;br\/&amp;gt;&amp;lt;!-- \/wp:paragraph --&amp;gt;&lt;\/div&gt;\"  href=\"https:\/\/histoire-multimedia-web.univ-avignon.fr\/avignon-avant-les-papes\/glossary\/remparts\/\"  data-gt-translate-attributes='[{\"attribute\":\"data-cmtooltip\", \"format\":\"html\"}]'>remparts<\/a> actuels.<\/p>\n\n\n\n<h2 class=\"wp-block-heading\"><strong>Les d&eacute;marches<\/strong><\/h2>\n\n\n\n<p class=\"has-text-align-justify\">Nous avons dans un premier temps appris &agrave; r&eacute;aliser un site Internet. Il nous a fallu ensuite reprendre nos recherches sur la p&eacute;riode que nous avons choisi d&rsquo;&eacute;tudier; reprendre d&rsquo;abord nos image et nos vid&eacute;os des monuments et b&acirc;timents de la ville. Ensuite r&eacute;utiliser notre interview de l&rsquo;historien m&eacute;di&eacute;viste Simone BALOSSINO, interrog&eacute; dans le cadre de nos recherches. Dans un dernier temps, reprendre nos recherches sur lesdits b&acirc;timents.<br>Nous sommes ensuite pass&eacute; &agrave; la r&eacute;daction du contenu. Nous voulions que le site soit accessible au plus grand nombre, pas uniquement &agrave; la communaut&eacute; scientifique mais &agrave; tou.te.s celles et ceux qui peuvent &ecirc;tre int&eacute;ress&eacute;.e.s.<\/p>","protected":false},"excerpt":{"rendered":"<p>Pourquoi ce projet? L&rsquo;origine de ce projet r&eacute;side dans la volont&eacute; de montrer qu&rsquo;Avignon est bien plus que la cit&eacute; des Papes ; que la ville et sa soci&eacute;t&eacute; &eacute;taient d&eacute;j&agrave; &eacute;tablies avant l&rsquo;installation de la papaut&eacute; en Avignon. Le but est de comprendre que la ville montre encore des traces de la p&eacute;riode pr&eacute;c&eacute;dant &hellip; <\/p>\n<p class=\"link-more\"><a href=\"https:\/\/histoire-multimedia-web.univ-avignon.fr\/avignon-avant-les-papes\/le-projet\/\" class=\"more-link\">Continuer la lecture<span class=\"screen-reader-text\"> de &laquo;&nbsp;Le projet&nbsp;&raquo;<\/span><\/a><\/p>","protected":false},"author":7,"featured_media":0,"parent":0,"menu_order":0,"comment_status":"closed","ping_status":"closed","template":"","meta":[],"acf":[],"yoast_head":"<!-- This site is optimized with the Yoast SEO plugin v20.5 - https:\/\/yoast.com\/wordpress\/plugins\/seo\/ -->\n<title>Le projet - Avignon avant les papes<\/title>\n<meta name=\"description\" content=\"L&#039;origine de ce projet r\u00e9side dans la volont\u00e9 de montrer que la ville d&#039;Avignon \u00e9tait d\u00e9j\u00e0 \u00e9tablie avant l&#039;installation de la papaut\u00e9.\" \/>\n<meta name=\"robots\" content=\"index, follow, max-snippet:-1, max-image-preview:large, max-video-preview:-1\" \/>\n<link rel=\"canonical\" href=\"https:\/\/histoire-multimedia-web.univ-avignon.fr\/avignon-avant-les-papes\/le-projet\/\" \/>\n<meta property=\"og:locale\" content=\"fr_FR\" \/>\n<meta property=\"og:type\" content=\"article\" \/>\n<meta property=\"og:title\" content=\"Le projet - Avignon avant les papes\" \/>\n<meta property=\"og:description\" content=\"L&#039;origine de ce projet r\u00e9side dans la volont\u00e9 de montrer que la ville d&#039;Avignon \u00e9tait d\u00e9j\u00e0 \u00e9tablie avant l&#039;installation de la papaut\u00e9.\" \/>\n<meta property=\"og:url\" content=\"https:\/\/histoire-multimedia-web.univ-avignon.fr\/avignon-avant-les-papes\/le-projet\/\" \/>\n<meta property=\"og:site_name\" content=\"Avignon avant les papes\" \/>\n<meta name=\"twitter:card\" content=\"summary_large_image\" \/>\n<meta name=\"twitter:label1\" content=\"Dur\u00e9e de lecture estim\u00e9e\" \/>\n\t<meta name=\"twitter:data1\" content=\"2 minutes\" \/>\n<script type=\"application\/ld+json\" class=\"yoast-schema-graph\">{\"@context\":\"https:\/\/schema.org\",\"@graph\":[{\"@type\":\"WebPage\",\"@id\":\"https:\/\/histoire-multimedia-web.univ-avignon.fr\/avignon-avant-les-papes\/le-projet\/\",\"url\":\"https:\/\/histoire-multimedia-web.univ-avignon.fr\/avignon-avant-les-papes\/le-projet\/\",\"name\":\"Le projet - Avignon avant les papes\",\"isPartOf\":{\"@id\":\"https:\/\/histoire-multimedia-web.univ-avignon.fr\/avignon-avant-les-papes\/#website\"},\"datePublished\":\"2022-04-03T20:35:56+00:00\",\"dateModified\":\"2022-04-03T20:35:56+00:00\",\"description\":\"L'origine de ce projet r\u00e9side dans la volont\u00e9 de montrer que la ville d'Avignon \u00e9tait d\u00e9j\u00e0 \u00e9tablie avant l'installation de la papaut\u00e9.\",\"breadcrumb\":{\"@id\":\"https:\/\/histoire-multimedia-web.univ-avignon.fr\/avignon-avant-les-papes\/le-projet\/#breadcrumb\"},\"inLanguage\":\"fr-FR\",\"potentialAction\":[{\"@type\":\"ReadAction\",\"target\":[\"https:\/\/histoire-multimedia-web.univ-avignon.fr\/avignon-avant-les-papes\/le-projet\/\"]}]},{\"@type\":\"BreadcrumbList\",\"@id\":\"https:\/\/histoire-multimedia-web.univ-avignon.fr\/avignon-avant-les-papes\/le-projet\/#breadcrumb\",\"itemListElement\":[{\"@type\":\"ListItem\",\"position\":1,\"name\":\"Accueil\",\"item\":\"https:\/\/histoire-multimedia-web.univ-avignon.fr\/avignon-avant-les-papes\/\"},{\"@type\":\"ListItem\",\"position\":2,\"name\":\"Le projet\"}]},{\"@type\":\"WebSite\",\"@id\":\"https:\/\/histoire-multimedia-web.univ-avignon.fr\/avignon-avant-les-papes\/#website\",\"url\":\"https:\/\/histoire-multimedia-web.univ-avignon.fr\/avignon-avant-les-papes\/\",\"name\":\"Avignon avant les papes\",\"description\":\"D\u00e9couvrir Avignon entre le XIIe et XIVe si\u00e8cle\",\"potentialAction\":[{\"@type\":\"SearchAction\",\"target\":{\"@type\":\"EntryPoint\",\"urlTemplate\":\"https:\/\/histoire-multimedia-web.univ-avignon.fr\/avignon-avant-les-papes\/?s={search_term_string}\"},\"query-input\":\"required name=search_term_string\"}],\"inLanguage\":\"fr-FR\"}]}<\/script>\n<!-- \/ Yoast SEO plugin. -->","yoast_head_json":{"title":"Le projet - Avignon avant les papes","description":"L'origine de ce projet r\u00e9side dans la volont\u00e9 de montrer que la ville d'Avignon \u00e9tait d\u00e9j\u00e0 \u00e9tablie avant l'installation de la papaut\u00e9.","robots":{"index":"index","follow":"follow","max-snippet":"max-snippet:-1","max-image-preview":"max-image-preview:large","max-video-preview":"max-video-preview:-1"},"canonical":"https:\/\/histoire-multimedia-web.univ-avignon.fr\/avignon-avant-les-papes\/le-projet\/","og_locale":"fr_FR","og_type":"article","og_title":"Le projet - Avignon avant les papes","og_description":"L'origine de ce projet r\u00e9side dans la volont\u00e9 de montrer que la ville d'Avignon \u00e9tait d\u00e9j\u00e0 \u00e9tablie avant l'installation de la papaut\u00e9.","og_url":"https:\/\/histoire-multimedia-web.univ-avignon.fr\/avignon-avant-les-papes\/le-projet\/","og_site_name":"Avignon avant les papes","twitter_card":"summary_large_image","twitter_misc":{"Dur\u00e9e de lecture estim\u00e9e":"2 minutes"},"schema":{"@context":"https:\/\/schema.org","@graph":[{"@type":"WebPage","@id":"https:\/\/histoire-multimedia-web.univ-avignon.fr\/avignon-avant-les-papes\/le-projet\/","url":"https:\/\/histoire-multimedia-web.univ-avignon.fr\/avignon-avant-les-papes\/le-projet\/","name":"Le projet - Avignon avant les papes","isPartOf":{"@id":"https:\/\/histoire-multimedia-web.univ-avignon.fr\/avignon-avant-les-papes\/#website"},"datePublished":"2022-04-03T20:35:56+00:00","dateModified":"2022-04-03T20:35:56+00:00","description":"L'origine de ce projet r\u00e9side dans la volont\u00e9 de montrer que la ville d'Avignon \u00e9tait d\u00e9j\u00e0 \u00e9tablie avant l'installation de la papaut\u00e9.","breadcrumb":{"@id":"https:\/\/histoire-multimedia-web.univ-avignon.fr\/avignon-avant-les-papes\/le-projet\/#breadcrumb"},"inLanguage":"fr-FR","potentialAction":[{"@type":"ReadAction","target":["https:\/\/histoire-multimedia-web.univ-avignon.fr\/avignon-avant-les-papes\/le-projet\/"]}]},{"@type":"BreadcrumbList","@id":"https:\/\/histoire-multimedia-web.univ-avignon.fr\/avignon-avant-les-papes\/le-projet\/#breadcrumb","itemListElement":[{"@type":"ListItem","position":1,"name":"Accueil","item":"https:\/\/histoire-multimedia-web.univ-avignon.fr\/avignon-avant-les-papes\/"},{"@type":"ListItem","position":2,"name":"Le projet"}]},{"@type":"WebSite","@id":"https:\/\/histoire-multimedia-web.univ-avignon.fr\/avignon-avant-les-papes\/#website","url":"https:\/\/histoire-multimedia-web.univ-avignon.fr\/avignon-avant-les-papes\/","name":"Avignon avant les papes","description":"D\u00e9couvrir Avignon entre le XIIe et XIVe si\u00e8cle","potentialAction":[{"@type":"SearchAction","target":{"@type":"EntryPoint","urlTemplate":"https:\/\/histoire-multimedia-web.univ-avignon.fr\/avignon-avant-les-papes\/?s={search_term_string}"},"query-input":"required name=search_term_string"}],"inLanguage":"fr-FR"}]}},"jetpack_sharing_enabled":true,"_links":{"self":[{"href":"https:\/\/histoire-multimedia-web.univ-avignon.fr\/avignon-avant-les-papes\/wp-json\/wp\/v2\/pages\/9"}],"collection":[{"href":"https:\/\/histoire-multimedia-web.univ-avignon.fr\/avignon-avant-les-papes\/wp-json\/wp\/v2\/pages"}],"about":[{"href":"https:\/\/histoire-multimedia-web.univ-avignon.fr\/avignon-avant-les-papes\/wp-json\/wp\/v2\/types\/page"}],"author":[{"embeddable":true,"href":"https:\/\/histoire-multimedia-web.univ-avignon.fr\/avignon-avant-les-papes\/wp-json\/wp\/v2\/users\/7"}],"replies":[{"embeddable":true,"href":"https:\/\/histoire-multimedia-web.univ-avignon.fr\/avignon-avant-les-papes\/wp-json\/wp\/v2\/comments?post=9"}],"version-history":[{"count":0,"href":"https:\/\/histoire-multimedia-web.univ-avignon.fr\/avignon-avant-les-papes\/wp-json\/wp\/v2\/pages\/9\/revisions"}],"wp:attachment":[{"href":"https:\/\/histoire-multimedia-web.univ-avignon.fr\/avignon-avant-les-papes\/wp-json\/wp\/v2\/media?parent=9"}],"curies":[{"name":"wp","href":"https:\/\/api.w.org\/{rel}","templated":true}]}}